-11, -2*d - 48 = -a*j. What is the tens digit of j?
1
Let x(d) = 3 - 5 - 3*d**2 - d**3 + 0 + 2*d. Let p be x(-3). Let o = p + 20. What is the tens digit of o?
1
Suppose 0 = -0*h + 2*h - 196. What is the units digit of h?
8
Let d = -33 - -46. What is the tens digit of d?
1
Suppose -x = -3 + 4. What is the units digit of x + (3 - (-15 - -2))?
5
Let b = -7 - -4. What is the units digit of (-6)/(-9) + (-25)/b?
9
Let n(g) = -4*g - 11. What is the units digit of n(-9)?
5
What is the units digit of (-1)/(-3)*(-12 + 339)?
9
Let u(s) = -62*s**3 - s**2 - 2*s - 1. Let k be u(-1). Let w = k + -44. What is the tens digit of w?
1
Let s(z) = -z**2 + 6*z - 3. Let o(c) = -2*c. Let h be o(-2). Let g = 8 - h. What is the units digit of s(g)?
5
What is the units digit of ((-2)/(-6))/((-13)/(-78))?
2
Let v(l) = -l**2 - 4*l + 1. Let s be v(3). Let f = -9 - s. What is the units digit of f?
1
Let o be (-4)/(-18) - 2360/(-72). Suppose 3*h = 3*f - o, -f - 3*f + h + 53 = 0. Suppose -f + 34 = 4*z. What is the units digit of z?
5
Let r(b) = -b**2 + 8*b - 4. Suppose -5*p + 4 = -4*p. Let q be r(p). Suppose 2*a - a - q = 0. What is the units digit of a?
2
Suppose 0 = 2*t + 66 + 30. Let z = t - -99. What is the units digit of z?
1
Let q = -7 + 16. What is the units digit of -1 + (-4)/(-1) + q?
2
Let n(m) = -17*m**2 + 1. Let u be n(1). Let b = u + 31. What is the units digit of b?
5
Let h = -134 + 326. Suppose 5*z + 94 = 2*s + 2*z, -4*s + 5*z = -h. Suppose -3*f + 55 + 34 = 5*q, -3*q = 2*f - s. What is the tens digit of q?
1
Let r(x) = -x - 10*x**3 - 6*x**3 - 7*x**3. Let g be r(-1). Suppose -g = a - 5*a. What is the units digit of a?
6
Suppose -t = 4*t - 320. What is the tens digit of t?
6
Suppose 0 = -j - 15 - 65. Let l = 112 + j. What is the units digit of l?
2
Let i = -102 - -167. What is the units digit of i?
5
Suppose -4*q = 5*b - 20, 0 = b - 4*q + 6 + 14. Let i = b - -5. What is the units digit of i?
5
Suppose -3*d = 4*j - 18, 0 = -8*j + 3*j - 3*d + 21. What is the units digit of 3*2/j - -33?
5
Let w = 186 + -96. What is the units digit of w?
0
Suppose 9*t - 486 = 999. What is the tens digit of t?
6
Let w be (-3 + 7)*1/1. Suppose 0 = w*j - 2*q - 60, -j + 6 = -q - 11. Let y = j - 0. What is the tens digit of y?
1
Let v(o) = 11*o - 3. Let j(g) = -1. Let q(u) = 2*j(u) - v(u). Let t be 1/((-12 - -8) + 1*3). What is the tens digit of q(t)?
1
Let p(n) = -n**2 - 8*n + 6. Let v be p(-8). Let t = v + -2. What is the units digit of t?
4
Let m be 8/1 - (4 - 6). Let a = 2 - m. What is the units digit of (a - -2)*-3 - 2?
6
Let w be 3 - (-1 + (-4)/(-2)). Suppose 99 = 2*r - 11. Suppose d = -w, -r = -5*n + 6*d - d. What is the units digit of n?
9
Let p(b) = -b**2 + 8*b. Let f be p(7). Let u = f - -7. What is the tens digit of u?
1
Suppose 2*b - 4*q = -32, 4*b = 3*q - 6*q - 9. What is the units digit of (2 + -4)*b - 0?
2
Let a be (-12)/(-3 - (-21)/9). What is the units digit of (-1)/(-6) - (-123)/a?
7
Suppose -k + 40 = 4*k. Suppose 0*t - t + 3 = -2*g, 0 = 3*g + t - k. What is the units digit of g?
1
Suppose 111 - 16 = 5*l. What is the tens digit of l?
1
Suppose -2*b + 1 = -5, -2*c + 2*b = 10. What is the units digit of 1 - (c + 1 - 2)?
4
Suppose 2*g + 0*g - 4 = 0. What is the units digit of (-1 - -2)/(g/22)?
1
What is the units digit of (-5)/(1/(-30)*3)?
0
Suppose 12*y - 1970 = -578. What is the hundreds digit of y?
1
Suppose 4 = -t + 3*k - 12, -18 = 2*t + k. What is the tens digit of 5/(t/(-36)) - 2?
1
Suppose 2*d - 54 = -4*d. What is the units digit of d?
9
Let t be (-2 + 8)/((-1)/1). Let g = t - -12. Let b = g + 7. What is the tens digit of b?
1
Let p = 0 + 3. Suppose p*y + 0*n = -3*n + 30, y - 2*n = 7. What is the units digit of y?
9
Let n(m) = -m**2 - 3*m + 5. Let c be n(-5). Let q = c - -7. Let x = q - -1. What is the units digit of x?
3
Let o be (4 + -1)/((-6)/28). Let p = 13 - o. What is the units digit of p?
7
Suppose 0 = -3*m - 3*g + 180, -5*g = -6*m + 10*m - 236. Let w = -37 + m. What is the units digit of w?
7
Suppose 2*n = 4*n + 104. What is the units digit of 2/4*n/(-2)?
3
Let a(g) = 3*g**2 - 3*g - 6. What is the tens digit of a(5)?
5
Suppose 0 = 4*u - 12 - 0. Suppose -u*o + 30 = 2*o. Suppose o*d - 4*d - 36 = 0. What is the tens digit of d?
1
Suppose -3*f = -f + 8. Let u = -2 - f. Suppose u*n + 5*m - 12 = -0, -3*n + 9 = 3*m. What is the units digit of n?
1
Suppose 0 = -r - 3*r - 60. Let i = -9 - r. What is the units digit of i?
6
Let f(g) = -4*g**2 + 6*g + 1 + 0*g + 3*g**2. What is the units digit of f(6)?
1
Let m be 0 + 0 + (1 - 0). Let g(s) = 2*s**2 + m + 0 + 1 + 2*s. What is the units digit of g(-2)?
6
Suppose 201 + 36 = 4*s + 3*p, 0 = -3*s - 4*p + 169. Suppose 0 = -5*h + h - 172. Let v = s + h. What is the tens digit of v?
2
Suppose 5*n + 3*z - 217 = 4*n, -3*z - 229 = -n. What is the hundreds digit of n?
2
Let o be ((-4)/3)/(2/(-6)). Let n(a) = 19*a - 2 - 17*a - 3. What is the units digit of n(o)?
3
Suppose 134 - 14 = 4*g. Let n = g + -20. What is the tens digit of n?
1
Let t = -132 - -295. What is the units digit of t?
3
Let n(u) = -2*u - u**2 + 10*u + 2*u**2 + 9. Suppose -3*s = -s + 14. What is the units digit of n(s)?
2
Let d be (-4 + 3)/((-2)/582). What is the units digit of d/27 - (-8)/36?
1
Let y be 28/12 - 2/(-3). Suppose -y*r + 85 = 2*r. What is the tens digit of r?
1
Suppose -t = -y + 1 + 3, 8 = 5*y - 2*t. Suppose m + 6 = -4*w, y = 4*m - 0*m + 4*w - 12. What is the units digit of m?
6
Suppose 5*x - 72 = -2. Let g = 31 - x. What is the units digit of g?
7
Let f = -2 - 0. What is the units digit of (f + 8)*(-15)/(-6)?
5
Let f be 2/(-6) - (-42)/18. Suppose -f*q = 4*p + p - 28, 3*q = 2*p - 15. Suppose 0 = -p*v + 9*v - 63. What is the units digit of v?
1
Let q be (-2)/5 + 17/5. What is the units digit of (6/(-5))/(q/(-15))?
6
Suppose -5*k = 22 - 87. Let p = -6 + k. What is the units digit of p?
7
Let w = -28 + 62. What is the tens digit of w?
3
Let i = -1 - -1. Suppose -2*u = -i*u - 16. What is the units digit of (-2 + 0)/(-2)*u?
8
Suppose 0*r - r = -14. Suppose 0 = 2*m - 14 - r. What is the units digit of m?
4
What is the tens digit of (363/9)/(3/9)?
2
Suppose 0 = -4*n - 4*c + 20, 0*n = -2*n - 3*c + 13. Suppose 5*p - 25 = 4*x, -n*p + 18 = p - 3*x. What is the units digit of p?
1
Let g = 166 + -268. Let h = g + 182. Suppose 0 = -6*s + s + h. What is the units digit of s?
6
Suppose 662 = -10*p + 2092. What is the hundreds digit of p?
1
Suppose 2*y - 49 + 9 = 0. What is the units digit of y?
0
Suppose 2*g - 1 = 37. Suppose -15 = -x + g. What is the units digit of x?
4
Let l(h) be the second derivative of -4/3*h**3 - 1/12*h**4 + 0 - 7/2*h**2 + 2*h. What is the units digit of l(-5)?
8
Let b be (2 + -3)/((-2)/(-20)). What is the units digit of (36/b)/((-5)/25)?
8
Let r(h) = -2*h**2 - h. Let z be r(1). Let o be 1/(1/(-9)*z). Suppose -q = o*q - 4. What is the units digit of q?
1
What is the units digit of 2/6 + (-112)/(-6)?
9
Let y be (-2)/(-5) + (-76)/(-10). Suppose 4*o - 17 = -x, x - 3*o = -2*o + 2. Suppose -n + y = -x. What is the units digit of n?
3
Let m be 1/5 - 321/5. Let r = m - -105. What is the units digit of r?
1
Suppose 4*u - 8*u = -4*p - 24, -2*p = 2*u - 12. What is the units digit of (u/9)/((-6)/(-189))?
1
Let w be 4/(-1 - (-3)/1). Suppose 0 = w*q - 26 - 10. What is the units digit of q?
8
Suppose 0*l - 5*t = l - 10, l - 16 = -3*t. What is the units digit of l?
5
Let l = -7 - -12. Let x(r) = 4*r + 9. What is the units digit of x(l)?
9
Let m = 114 - -104. What is the hundreds digit of m?
2
Let n be (-3)/(2/4 + -2). Suppose -5*t + 213 = 2*k, 0 = 6*t - 4*t - n*k - 88. What is the tens digit of t?
4
Let x(t) = -5 - t + 2*t - 3*t. Let n be -2 + (3 - 5)*1. What is the units digit of x(n)?
3
Let j = 4 - -16. What is the units digit of (3 - j/6)*-15?
5
Let b(t) = -t**3 - 3*t**2 - 2*t + 3. What is the units digit of b(-3)?
9
Let h be -15*-1*(-3)/(-9). Let d(z) = z - 7. Let k(l) = l - 6. Let a(m) = -6*d(m) + 7*k(m). What is the units digit of a(h)?
5
Suppose q - 3 = -3*a - 2, q = -2*a. What is the tens digit of (-1962)/(-63) + q/14?
3
What is the units digit of ((-30)/5)/24 + (-633)/(-4)?
8
Let c = 5 + 8. Let l = 18 - c. What is the units digit of l?
5
Suppose 115 = f - 39. What is the units digit of f?
4
Suppose 0 = 6*b + 2 - 20. Suppose z = -c + 10, -c = -z + b*c